2*x - 6 + 39 = 0, 0 = 5*i - 5*x - 140. What is the remainder when i is divided by h?
11
Suppose -75 = o - 3*o + 3*n, 109 = 3*o - n. Calculate the remainder when 141 is divided by o.
33
Let i(f) = f + 4. Let r be i(-2). Suppose 3*d + r*d = -25. Let n(z) = z + 7. What is the remainder when 2 is divided by n(d)?
0
Let s = -64 - -68. What is the remainder when 13 is divided by s?
1
Let w = 36 + -25. Suppose -z + 2*z = w. Let v(s) = 8*s - 12. Calculate the remainder when v(4) is divided by z.
9
Let b(n) = -n**3 + 4*n**2 + 3*n + 12. Suppose -3*p + 13 + 2 = 0. Calculate the remainder when p is divided by b(5).
1
Suppose 4*y - 22 = 2. Suppose a - y*a = -35. What is the remainder when 13 is divided by a?
6
Suppose 0 = -17*l + 14*l + 9. Calculate the remainder when 11 is divided by l.
2
Suppose 0 = -4*a + 6 + 10. Suppose -d + 4 = 5*w - 17, -w = d - 1. Calculate the remainder when w is divided by a.
1
Let y = -1 - -3. Suppose p - 28 = -y*w + 2*p, -w + 4 = -3*p. Calculate the remainder when 31 is divided by w.
15
Let l(k) = 33*k - 1. What is the remainder when l(4) is divided by 33?
32
Let k = -62 - -43. Let o = k + 40. Calculate the remainder when o is divided by 8.
5
Let k = 1 + 1. Suppose k + 0 = x. Suppose x*q = -3*u + 25, -2*u + 21 = u + 3*q. What is the remainder when 21 is divided by u?
10
Let w = 13 + -5. Calculate the remainder when 31 is divided by w.
7
Suppose 0*h - 42 = -3*h. Calculate the remainder when h is divided by 5.
4
Let y(j) = j - 6. Let r be y(6). Let l = 17 + r. Calculate the remainder when 33 is divided by l.
16
Suppose -10 = -4*m + 30. Calculate the remainder when 26 is divided by m.
6
Let k = 121 - 48. What is the remainder when k is divided by 19?
16
Let o = 238 + -46. What is the remainder when o is divided by 15?
12
Let x(p) = -8*p. Calculate the remainder when x(-3) is divided by 37/3 - (-8)/12.
11
Suppose -2*w = -0*w - 304. Let o be 2364/28 + 8/14. Let h = w - o. What is the remainder when h is divided by 23?
21
Let m(k) = k**3 - 4*k**2 + 11*k - 4. Let t be m(4). What is the remainder when 10 is divided by (-8)/t - (-32)/10?
1
Suppose 0 = -q + 4*r + 102, -4*q + r = -178 - 170. Calculate the remainder when q is divided by 27.
5
Let t(m) = -m**2 - 8*m + 3. Let p be t(-6). What is the remainder when 3 + 0 + -8 + p is divided by 4?
2
Suppose -14*u + 8*u + 30 = 0. What is the remainder when 19 is divided by u?
4
Let k(m) = -m + 12. Let j be k(5). Calculate the remainder when 22 is divided by (j/21)/((-2)/(-48)).
6
Let a(d) = d**3 - 10*d**2 + 10*d - 11. Let p be a(9). Let o = p + 8. Calculate the remainder when 17 is divided by o.
5
Let t(n) = n**3 - 7*n**2 - n + 11. Suppose -3*w + 8*p + 27 = 4*p, -3*w = 2*p - 9. Calculate the remainder when -1*w*-2 - -1 is divided by t(7).
3
Let c = -4 - -10. Suppose 3*p + x - 17 = -x, -x = p - c. Calculate the remainder when 18 is divided by p.
3
Suppose 4*m - 159 = 25. Let j be (-1)/((9/(-6))/(-3)). What is the remainder when m is divided by 3/2 + (-29)/j?
14
Suppose -o - 170 = -6*o. Let s = o + -11. Calculate the remainder when s is divided by 8.
7
Calculate the remainder when 164 is divided by (88/28 + -4)*-49.
38
Let m be 362/(-9) - 8/(-36). Let f = 60 + m. Calculate the remainder when 57 is divided by f.
17
Let m(a) = -a**2 + 2. Let h be m(3). Suppose -5*r - 4*q + 120 = 0, 3*r - 134 = 4*q - 30. What is the remainder when r is divided by (h/(-7))/((-1)/(-10))?
8
Let d = 35 + 0. Suppose -2*x = -33 + 9. Calculate the remainder when d is divided by x.
11
Let j(m) = -m**3 - 2*m - 5. Let x(n) = -3*n**3 - n**2. Let k be x(1). Let w be j(k). Let b = w - 38. Calculate the remainder when b is divided by 10.
9
Let s be (-4)/14 - (-290)/35. Suppose 2*a = 8, v - s*a + 10 = -3*a. Calculate the remainder when 39 is divided by v.
9
Suppose -5*f = 3*g + 1, -4*g - 1 = 2*f - 9. What is the remainder when g is divided by 1?
0
Let n(p) = p**2 + 6*p + 14. Let l be -2 + 24/(9/(-3)). Calculate the remainder when n(l) is divided by 19.
16
Suppose 3*a - 6 = -0. Suppose c + 46 = a*c. Calculate the remainder when c is divided by 12.
10
Let c(n) = -n**3 - n**2 + 1. Let f be c(-1). Calculate the remainder when 27 is divided by 2 - f/(-2)*26.
12
Let b(a) = -8*a + 5. Let t(x) = 2*x**3 + 2*x**2 - 2*x - 2. Let z be t(-2). Let r(y) = y**2 + 4*y + 6. Calculate the remainder when b(z) is divided by r(-6).
17
Let o(l) be the third derivative of l**5/20 - 5*l**4/24 + 5*l**3/6 - 4*l**2. What is the remainder when o(5) is divided by 29?
26
Suppose -2*x - x = 0. Let p = x + 2. Let l = 388 - 384. Calculate the remainder when l is divided by p.
0
Suppose -4*s - 2*t = -38, 6 - 21 = -5*t. Suppose 4*k = 42 + 18. Calculate the remainder when k is divided by s.
7
Let z = -395 - -646. Let l = z - 118. Calculate the remainder when l/4 - 5/20 is divided by 17.
16
Suppose -2*d = 3*d - 5*c - 10, -5*d + 40 = 5*c. Suppose j + 5*s = 3*j - 60, -d*s + 120 = 4*j. Calculate the remainder when j is divided by 8.
6
Let s be (-6)/27 - (-29)/9. Let u be (s/2)/(2/36). Suppose 2*i - 9 = -x, 2*i + 2*i + u = x. Calculate the remainder when x is divided by 8.
7
Suppose 0 = 2*o + 4*q - 22, 3*q + 28 = o - 8. What is the remainder when 42 is divided by 14/o - 43/(-3)?
12
Let o(l) = l**2 - 9*l - 47. What is the remainder when 7 is divided by o(13)?
2
Let x(p) = -p**3 + 8*p**2 - 5*p + 5. Calculate the remainder when 75 is divided by x(7).
18
Calculate the remainder when 15/6*(-144)/(-15) is divided by 7.
3
Let o(q) = q**3 + 10*q**2 + 5*q - 11. Let t(x) = -2*x + 6. Suppose 9*c - 4*c + 50 = 0. Calculate the remainder when o(-8) is divided by t(c).
25
Suppose -2*d - 3*d = -15. Suppose -d*s = -2*s - 2. What is the remainder when 51 + (3 - s) + -2 is divided by 13?
11
Suppose -4*q = 29 - 113. Let g = -3 + q. What is the remainder when g is divided by 10?
8
Calculate the remainder when (-26)/(-6) - (-2)/3 is divided by 4.
1
Let s be (2/(-4))/((-2)/12). Suppose -255 = -s*j - 0*j. Calculate the remainder when j is divided by 22.
19
Suppose 0 = 5*d - 4*c - 26, -5*d + 0*c = -2*c - 18. What is the remainder when 25 is divided by -1 + d + (2 - -10)?
12
Suppose 3 + 2 = o. Suppose 5*a = -4*s - 20, -5*a + 8 = -o*s - 17. What is the remainder when a*(3 - 2) + 7 is divided by 3?
1
Let p(r) = -r**2 - r + 5. Let s be p(4). Calculate the remainder when 6 is divided by 5/(s/6)*-1.
0
Let q = 5 + -1. Suppose -q*c = 3*z - 10, 0 = 3*z + 4 + 2. What is the remainder when 6 is divided by c?
2
Let o(i) = 25*i - 28. Calculate the remainder when 85 is divided by o(2).
19
Suppose -6 = -2*j - 4. Let y = 1 + j. Calculate the remainder when 8 - 6/(-15)*-5 is divided by y.
0
Let f = 1 + 3. Suppose 70 = f*g + g. What is the remainder when g is divided by 4?
2
Let o(c) = -6*c - 3. Let j be o(4). Let m = j + 7. Let d = -9 - m. What is the remainder when 20 is divided by d?
9
Let n be 2/(-12) + 269/(-6). Calculate the remainder when 27 is divided by (-2)/9 + (-640)/n.
13
Suppose -3*u = -3, 0*o - 2*u - 34 = -4*o. Suppose -5*x - o = -29. Suppose -22 = 2*y - x*y. Calculate the remainder when 21 is divided by y.
10
Suppose 0*m = 5*m - 120. Suppose -3*f = -3 - m. Calculate the remainder when f is divided by 5.
4
Suppose 0 = -0*z + z - u - 15, -u - 26 = -2*z. What is the remainder when z is divided by 7?
4
Let u be (1/1 - 0)*7. Suppose -5*j + 77 = u. Suppose 271 = 4*k + 107. Calculate the remainder when k is divided by j.
13
Let i(b) = -b**3 - 7*b**2 - 8*b - 7. Let y be i(-6). Suppose y*o = 25, -3*l = -4*o + o - 3. What is the remainder when 15 is divided by l?
3
Let a(w) = 8*w - 4. Let u be a(3). Suppose o - 17 = u. Calculate the remainder when o is divided by 5/(-15)*(-39)/1.
11
Let o = 170 + -79. Let u(z) = -8*z + 7. Calculate the remainder when o is divided by u(-2).
22
Let c(b) = b**3 + b**2 - b + 38. Suppose 2*o - 3*d - 12 = 0, o + 5*d = 2*o - 20. Suppose -t = -o*t. What is the remainder when c(t) is divided by 20?
18
Let d be 1184 - (0 - -2) - -2. Suppose 0 = 5*w + 299 - d. Suppose -13 = 4*u - w. What is the remainder when u is divided by 14?
13
Suppose -5 = -5*h + 65. Suppose -n - n + 80 = 0. Calculate the remainder when n is divided by h.
12
Let m = -5 + 9. Calculate the remainder when (-3)/(3*(-1)/10) is divided by m.
2
Calculate the remainder when 69 is divided by 520/30 - 2/(-3).
15
Let a(m)